{"id":1318,"date":"2026-01-22T11:13:49","date_gmt":"2026-01-22T10:13:49","guid":{"rendered":"https:\/\/www.gruene-bergen-enkheim.de\/?page_id=1318"},"modified":"2026-01-23T15:25:54","modified_gmt":"2026-01-23T14:25:54","slug":"unsere-kandidatinnen-fuer-den-ortsbeirat-bergen-enkheim","status":"publish","type":"page","link":"https:\/\/www.gruene-bergen-enkheim.de\/?page_id=1318","title":{"rendered":"Unsere Kandidat*innen f\u00fcr den Ortsbeirat Bergen-Enkheim"},"content":{"rendered":"\n<p>Unsere Kandidatinnen und Kandidaten f\u00fcr Sie zur Wahl des Ortsbeirats Bergen-Enkheim:<\/p>\n\n\n\n<ol start=\"1\" class=\"wp-block-list\">\n<li>Constanze Nordbrock, Psychologin in der Erwachsenenbildung<\/li>\n\n\n\n<li>Mark Gl\u00e4ser, Szenograf<\/li>\n\n\n\n<li>Natalie Porth, Musiklehrerin und Musikerin<\/li>\n\n\n\n<li>Alexander Wosnitza, Rentner<\/li>\n\n\n\n<li>Angela Schmitt-Gl\u00e4ser, Filmemacherin<\/li>\n\n\n\n<li>Jan Ruffing, Software-Entwickler<\/li>\n\n\n\n<li>Thorsten Schneider, Diplom-Wirtschaftsingenieur<\/li>\n\n\n\n<li>Welz Ronald, Projektentwickler \/ -finanzierer Erneuerbare Energien<\/li>\n<\/ol>\n\n\n\n<figure class=\"wp-block-image size-full\"><a href=\"https:\/\/www.gruene-bergen-enkheim.de\/wp-content\/uploads\/2026\/01\/IMG_3096.jpg\"><img loading=\"lazy\" decoding=\"async\" width=\"640\" height=\"397\" src=\"https:\/\/www.gruene-bergen-enkheim.de\/wp-content\/uploads\/2026\/01\/IMG_3096.jpg\" alt=\"\" class=\"wp-image-1319\" srcset=\"https:\/\/www.gruene-bergen-enkheim.de\/wp-content\/uploads\/2026\/01\/IMG_3096.jpg 640w, https:\/\/www.gruene-bergen-enkheim.de\/wp-content\/uploads\/2026\/01\/IMG_3096-300x186.jpg 300w\" sizes=\"auto, (max-width: 640px) 100vw, 640px\" \/><\/a><\/figure>\n\n\n\n<p>v. l. n. r: Thorsten Schneider, Mark Gl\u00e4ser, Natalie Porth, Ronald Welz, Constanze Nordbrock, Alexander Wosnitza, Angela Schmitt-Gl\u00e4ser, Jan Ruffing<\/p>\n\n\n\n<p><\/p>\n","protected":false},"excerpt":{"rendered":"<p>Unsere Kandidatinnen und Kandidaten f\u00fcr Sie zur Wahl des Ortsbeirats Bergen-Enkheim: v. l. n. r: Thorsten Schneider, Mark Gl\u00e4ser, Natalie Porth, Ronald Welz, Constanze Nordbrock, Alexander Wosnitza, Angela Schmitt-Gl\u00e4ser, Jan Ruffing<\/p>\n","protected":false},"author":6,"featured_media":0,"parent":1296,"menu_order":0,"comment_status":"closed","ping_status":"closed","template":"","meta":{"footnotes":""},"class_list":["post-1318","page","type-page","status-publish","hentry"],"_links":{"self":[{"href":"https:\/\/www.gruene-bergen-enkheim.de\/index.php?rest_route=\/wp\/v2\/pages\/1318","targetHints":{"allow":["GET"]}}],"collection":[{"href":"https:\/\/www.gruene-bergen-enkheim.de\/index.php?rest_route=\/wp\/v2\/pages"}],"about":[{"href":"https:\/\/www.gruene-bergen-enkheim.de\/index.php?rest_route=\/wp\/v2\/types\/page"}],"author":[{"embeddable":true,"href":"https:\/\/www.gruene-bergen-enkheim.de\/index.php?rest_route=\/wp\/v2\/users\/6"}],"replies":[{"embeddable":true,"href":"https:\/\/www.gruene-bergen-enkheim.de\/index.php?rest_route=%2Fwp%2Fv2%2Fcomments&post=1318"}],"version-history":[{"count":4,"href":"https:\/\/www.gruene-bergen-enkheim.de\/index.php?rest_route=\/wp\/v2\/pages\/1318\/revisions"}],"predecessor-version":[{"id":1486,"href":"https:\/\/www.gruene-bergen-enkheim.de\/index.php?rest_route=\/wp\/v2\/pages\/1318\/revisions\/1486"}],"up":[{"embeddable":true,"href":"https:\/\/www.gruene-bergen-enkheim.de\/index.php?rest_route=\/wp\/v2\/pages\/1296"}],"wp:attachment":[{"href":"https:\/\/www.gruene-bergen-enkheim.de\/index.php?rest_route=%2Fwp%2Fv2%2Fmedia&parent=1318"}],"curies":[{"name":"wp","href":"https:\/\/api.w.org\/{rel}","templated":true}]}}

Unsere Kandidat*innen für den Ortsbeirat Bergen-Enkheim

<p>Unsere Kandidatinnen und Kandidaten für Sie zur Wahl des Ortsbeirats Bergen-Enkheim:</p>



<ol start="1" class="wp-block-list">
<li>Constanze Nordbrock, Psychologin in der Erwachsenenbildung</li>



<li>Mark Gläser, Szenograf</li>



<li>Natalie Porth, Musiklehrerin und Musikerin</li>



<li>Alexander Wosnitza, Rentner</li>



<li>Angela Schmitt-Gläser, Filmemacherin</li>



<li>Jan Ruffing, Software-Entwickler</li>



<li>Thorsten Schneider, Diplom-Wirtschaftsingenieur</li>



<li>Welz Ronald, Projektentwickler / -finanzierer Erneuerbare Energien</li>
</ol>



<figure class="wp-block-image size-full"><a href="https://www.gruene-bergen-enkheim.de/wp-content/uploads/2026/01/IMG_3096.jpg"><img loading="lazy" decoding="async" width="640" height="397" src="https://www.gruene-bergen-enkheim.de/wp-content/uploads/2026/01/IMG_3096.jpg" alt="" class="wp-image-1319" srcset="https://www.gruene-bergen-enkheim.de/wp-content/uploads/2026/01/IMG_3096.jpg 640w, https://www.gruene-bergen-enkheim.de/wp-content/uploads/2026/01/IMG_3096-300x186.jpg 300w" sizes="auto, (max-width: 640px) 100vw, 640px" /></a></figure>



<p>v. l. n. r: Thorsten Schneider, Mark Gläser, Natalie Porth, Ronald Welz, Constanze Nordbrock, Alexander Wosnitza, Angela Schmitt-Gläser, Jan Ruffing</p>



<p></p>

<p>Unsere Kandidatinnen und Kandidaten für Sie zur Wahl des Ortsbeirats Bergen-Enkheim: v. l. n. r: Thorsten Schneider, Mark Gläser, Natalie Porth, Ronald Welz, Constanze Nordbrock, Alexander Wosnitza, Angela Schmitt-Gläser, Jan Ruffing</p>
