{"id":1388,"date":"2026-01-25T18:40:51","date_gmt":"2026-01-25T17:40:51","guid":{"rendered":"https:\/\/www.gruene-bergen-enkheim.de\/?page_id=1388"},"modified":"2026-04-13T18:13:55","modified_gmt":"2026-04-13T16:13:55","slug":"fruehstueck-gruener-november","status":"publish","type":"page","link":"https:\/\/www.gruene-bergen-enkheim.de\/?page_id=1388","title":{"rendered":"Fr\u00fchst\u00fcck Gr\u00fcner November 2025"},"content":{"rendered":"\n<figure class=\"wp-block-image size-full\"><a href=\"https:\/\/www.gruene-bergen-enkheim.de\/wp-content\/uploads\/2026\/01\/IMG_2286.jpg\"><img loading=\"lazy\" decoding=\"async\" width=\"640\" height=\"400\" src=\"https:\/\/www.gruene-bergen-enkheim.de\/wp-content\/uploads\/2026\/01\/IMG_2286.jpg\" alt=\"\" class=\"wp-image-1389\" srcset=\"https:\/\/www.gruene-bergen-enkheim.de\/wp-content\/uploads\/2026\/01\/IMG_2286.jpg 640w, https:\/\/www.gruene-bergen-enkheim.de\/wp-content\/uploads\/2026\/01\/IMG_2286-300x188.jpg 300w\" sizes=\"auto, (max-width: 640px) 100vw, 640px\" \/><\/a><\/figure>\n\n\n\n<figure class=\"wp-block-gallery has-nested-images columns-default is-cropped wp-block-gallery-1 is-layout-flex wp-block-gallery-is-layout-flex\">\n<figure class=\"wp-block-image size-large\"><a href=\"https:\/\/www.gruene-bergen-enkheim.de\/wp-content\/uploads\/2026\/01\/MI0B6542.jpg\"><img loading=\"lazy\" decoding=\"async\" width=\"640\" height=\"428\" data-id=\"1395\" src=\"https:\/\/www.gruene-bergen-enkheim.de\/wp-content\/uploads\/2026\/01\/MI0B6542.jpg\" alt=\"\" class=\"wp-image-1395\" srcset=\"https:\/\/www.gruene-bergen-enkheim.de\/wp-content\/uploads\/2026\/01\/MI0B6542.jpg 640w, https:\/\/www.gruene-bergen-enkheim.de\/wp-content\/uploads\/2026\/01\/MI0B6542-300x201.jpg 300w\" sizes=\"auto, (max-width: 640px) 100vw, 640px\" \/><\/a><\/figure>\n\n\n\n<figure class=\"wp-block-image size-large\"><a href=\"https:\/\/www.gruene-bergen-enkheim.de\/wp-content\/uploads\/2026\/01\/MI0B6646.jpg\"><img loading=\"lazy\" decoding=\"async\" width=\"640\" height=\"428\" data-id=\"1396\" src=\"https:\/\/www.gruene-bergen-enkheim.de\/wp-content\/uploads\/2026\/01\/MI0B6646.jpg\" alt=\"\" class=\"wp-image-1396\" srcset=\"https:\/\/www.gruene-bergen-enkheim.de\/wp-content\/uploads\/2026\/01\/MI0B6646.jpg 640w, https:\/\/www.gruene-bergen-enkheim.de\/wp-content\/uploads\/2026\/01\/MI0B6646-300x201.jpg 300w\" sizes=\"auto, (max-width: 640px) 100vw, 640px\" \/><\/a><\/figure>\n\n\n\n<figure class=\"wp-block-image size-large\"><a href=\"https:\/\/www.gruene-bergen-enkheim.de\/wp-content\/uploads\/2026\/01\/MI0B6717.jpg\"><img loading=\"lazy\" decoding=\"async\" width=\"640\" height=\"428\" data-id=\"1397\" src=\"https:\/\/www.gruene-bergen-enkheim.de\/wp-content\/uploads\/2026\/01\/MI0B6717.jpg\" alt=\"\" class=\"wp-image-1397\" srcset=\"https:\/\/www.gruene-bergen-enkheim.de\/wp-content\/uploads\/2026\/01\/MI0B6717.jpg 640w, https:\/\/www.gruene-bergen-enkheim.de\/wp-content\/uploads\/2026\/01\/MI0B6717-300x201.jpg 300w\" sizes=\"auto, (max-width: 640px) 100vw, 640px\" \/><\/a><\/figure>\n<\/figure>\n\n\n\n<figure class=\"wp-block-gallery has-nested-images columns-default is-cropped wp-block-gallery-2 is-layout-flex wp-block-gallery-is-layout-flex\">\n<figure class=\"wp-block-image size-large\"><a href=\"https:\/\/www.gruene-bergen-enkheim.de\/wp-content\/uploads\/2026\/01\/MI0B6569.jpg\"><img loading=\"lazy\" decoding=\"async\" width=\"640\" height=\"443\" data-id=\"1398\" src=\"https:\/\/www.gruene-bergen-enkheim.de\/wp-content\/uploads\/2026\/01\/MI0B6569.jpg\" alt=\"\" class=\"wp-image-1398\" srcset=\"https:\/\/www.gruene-bergen-enkheim.de\/wp-content\/uploads\/2026\/01\/MI0B6569.jpg 640w, https:\/\/www.gruene-bergen-enkheim.de\/wp-content\/uploads\/2026\/01\/MI0B6569-300x208.jpg 300w\" sizes=\"auto, (max-width: 640px) 100vw, 640px\" \/><\/a><\/figure>\n\n\n\n<figure class=\"wp-block-image size-large\"><a href=\"https:\/\/www.gruene-bergen-enkheim.de\/wp-content\/uploads\/2026\/01\/MI0B6658.jpg\"><img loading=\"lazy\" decoding=\"async\" width=\"640\" height=\"428\" data-id=\"1399\" src=\"https:\/\/www.gruene-bergen-enkheim.de\/wp-content\/uploads\/2026\/01\/MI0B6658.jpg\" alt=\"\" class=\"wp-image-1399\" srcset=\"https:\/\/www.gruene-bergen-enkheim.de\/wp-content\/uploads\/2026\/01\/MI0B6658.jpg 640w, https:\/\/www.gruene-bergen-enkheim.de\/wp-content\/uploads\/2026\/01\/MI0B6658-300x201.jpg 300w\" sizes=\"auto, (max-width: 640px) 100vw, 640px\" \/><\/a><\/figure>\n\n\n\n<figure class=\"wp-block-image size-large\"><a href=\"https:\/\/www.gruene-bergen-enkheim.de\/wp-content\/uploads\/2026\/01\/MI0B6745.jpg\"><img loading=\"lazy\" decoding=\"async\" width=\"640\" height=\"428\" data-id=\"1400\" src=\"https:\/\/www.gruene-bergen-enkheim.de\/wp-content\/uploads\/2026\/01\/MI0B6745.jpg\" alt=\"\" class=\"wp-image-1400\" srcset=\"https:\/\/www.gruene-bergen-enkheim.de\/wp-content\/uploads\/2026\/01\/MI0B6745.jpg 640w, https:\/\/www.gruene-bergen-enkheim.de\/wp-content\/uploads\/2026\/01\/MI0B6745-300x201.jpg 300w\" sizes=\"auto, (max-width: 640px) 100vw, 640px\" \/><\/a><\/figure>\n<\/figure>\n","protected":false},"excerpt":{"rendered":"","protected":false},"author":6,"featured_media":0,"parent":1385,"menu_order":88,"comment_status":"closed","ping_status":"closed","template":"","meta":{"footnotes":""},"class_list":["post-1388","page","type-page","status-publish","hentry"],"_links":{"self":[{"href":"https:\/\/www.gruene-bergen-enkheim.de\/index.php?rest_route=\/wp\/v2\/pages\/1388","targetHints":{"allow":["GET"]}}],"collection":[{"href":"https:\/\/www.gruene-bergen-enkheim.de\/index.php?rest_route=\/wp\/v2\/pages"}],"about":[{"href":"https:\/\/www.gruene-bergen-enkheim.de\/index.php?rest_route=\/wp\/v2\/types\/page"}],"author":[{"embeddable":true,"href":"https:\/\/www.gruene-bergen-enkheim.de\/index.php?rest_route=\/wp\/v2\/users\/6"}],"replies":[{"embeddable":true,"href":"https:\/\/www.gruene-bergen-enkheim.de\/index.php?rest_route=%2Fwp%2Fv2%2Fcomments&post=1388"}],"version-history":[{"count":3,"href":"https:\/\/www.gruene-bergen-enkheim.de\/index.php?rest_route=\/wp\/v2\/pages\/1388\/revisions"}],"predecessor-version":[{"id":1579,"href":"https:\/\/www.gruene-bergen-enkheim.de\/index.php?rest_route=\/wp\/v2\/pages\/1388\/revisions\/1579"}],"up":[{"embeddable":true,"href":"https:\/\/www.gruene-bergen-enkheim.de\/index.php?rest_route=\/wp\/v2\/pages\/1385"}],"wp:attachment":[{"href":"https:\/\/www.gruene-bergen-enkheim.de\/index.php?rest_route=%2Fwp%2Fv2%2Fmedia&parent=1388"}],"curies":[{"name":"wp","href":"https:\/\/api.w.org\/{rel}","templated":true}]}}

Frühstück Grüner November 2025
